ivided by h?
12
Let j(x) = -x**2 + 17*x - 5. Let a be j(11). Let b = a - -42. Suppose 0 = -b*v + 101*v + 64. What is the remainder when v is divided by 4?
0
Suppose 43*c + 0*c - 19*c = 2088. What is the remainder when 611 is divided by c?
2
Let v = 40 + -28. Suppose 50 = -2*s - 3*s. Let x = 19 - s. What is the remainder when x is divided by v?
5
Suppose 0 = -11*k + 9*k + 30. Let d = 63 - k. Let r = d + 204. What is the remainder when r is divided by 51?
48
Calculate the remainder when 275 is divided by 5/(80/536) + (-60)/(-8) + -6.
30
Let l = -13 - -11. Let t be (-1 + 1)/(-2) + 0/l. Suppose t = -7*q - 32 + 116. What is the remainder when 32 is divided by q?
8
What is the remainder when ((-16)/(-4) + -6)/(9/(37125/(-10))) is divided by 134?
21
Let y be (28/84)/((-2)/(-12)). Suppose -u + 349 = -y*r, -11*u = -13*u - r + 723. What is the remainder when u is divided by 60?
59
Let b = 310 + -305. Suppose -m + r + 29 = 0, b*m + 6*r - 5*r = 121. Let o = 2 + 11. Calculate the remainder when m is divided by o.
12
Let s = -12 - -23. Let y(i) = 3*i + 11. Let g be y(-4). Let m(l) = -57*l - 4. What is the remainder when m(g) is divided by s?
9
Let j = 324 + -322. Suppose -2*s + 52 = -g, 5*s - j*g - 145 = -7*g. What is the remainder when 215 is divided by s?
26
Let w be (0 - 2) + 5/(12 + -7). What is the remainder when (-141)/w - 15/3 is divided by 43?
7
Suppose -2*s = 407 - 2447. Suppose s = 14*y + y. What is the remainder when 271 is divided by y?
67
Let n = 15 - 11. Let i(t) = -t**3 - 5*t**2 - 7*t - 6. Let z(c) = -16*c + 76. Let w be z(5). Calculate the remainder when i(w) is divided by n.
2
Suppose 5*y = 3*a - 195, -5*a + 10*a - 2*y = 325. Let s = 65 - a. Suppose 14 = k - s*k. Calculate the remainder when 41 is divided by k.
13
Let s(j) = -11*j**2 + 226*j - 54. What is the remainder when 3959 is divided by s(20)?
65
Suppose -9*n + 14*n - 254 = p, 3*n - 3*p = 162. Calculate the remainder when 129 is divided by n.
29
Let y(x) = x**2 + 6*x + 13. Suppose 0 = -3*q - 4 - 2. Let i be y(q). Suppose 99 = i*f + 6*f. Calculate the remainder when f is divided by 3.
0
Let m be (-1)/(((-16)/(-564))/(-4)). Let d = 277 - m. Suppose -h + 161 - d = 0. Calculate the remainder when 96 is divided by h.
21
Let y(b) = -b + 37. Let d be (6 - 176/28) + 326/14. Calculate the remainder when 235 is divided by y(d).
11
Let a(v) = -39*v**3 - v**2 + 5*v + 10. Let h be a(-3). Suppose 3*q - h - 851 = 0. Suppose -6*r = r - q. Calculate the remainder when r is divided by 23.
21
Suppose 44 = 2*m + 2*p, -208*m - 10 = -209*m + 2*p. Calculate the remainder when 4805 is divided by m.
17
Let w(m) be the first derivative of m**3/3 + 2*m**2 - 4*m - 4. Suppose 8*r + 27 - 115 = 0. Calculate the remainder when r is divided by w(-6).
3
Suppose -5*m - 47 = -2*p, -3*m - 2 = -17. Calculate the remainder when p is divided by ((-1596)/336)/((6 + 0)/(-24)).
17
Suppose 258*p - 31028 - 16 = 10236. Calculate the remainder when 370 is divided by p.
50
Let r(t) = 10*t + 30. Let b be r(-3). Suppose b = 4*k - 20, m = -m - 3*k + 191. What is the remainder when m is divided by 45?
43
Let q(l) = l**3 - 5*l**2 - 14*l + 2. Let c be q(7). Suppose v + c*i = 138, 3*v + 2*i - 225 - 197 = 0. What is the remainder when v is divided by 6?
4
Let u(w) = -w**2 - 29*w - 26. Let t be u(-28). Suppose -t*c + 17*c - 1065 = 0. Calculate the remainder when c is divided by 18.
17
Let t = 375 - 362. What is the remainder when 29 + (92/(-14) - 16/(-28)) is divided by t?
10
Suppose 2*s + 0 - 8 = 0. Let p(w) = w**2 - 10*w - 12. Let o be p(6). What is the remainder when s is divided by (o/(-8) + -5)/((-3)/6)?
0
Suppose 188 = p + 184. Suppose 72 = l - p*u, -l + u + 68 = 8. What is the remainder when 166 is divided by l?
54
Suppose -5*b - 88 = -2*w + w, -3*b - 228 = -3*w. Let d = 66 + -47. What is the remainder when 4*(-3)/(-12)*w is divided by d?
16
Suppose 21*t - 970 = -256. Let x = -397 - -497. Calculate the remainder when x is divided by t.
32
Suppose 2*d - 642 = -4*s + 4*d, 478 = 3*s - 5*d. Calculate the remainder when s is divided by 22.
7
Suppose -5*f = 75 - 100. Suppose 268 = 4*y + 3*g, -6*y - f*g - 230 = -9*y. Calculate the remainder when y is divided by 27.
16
Let h = 618 + -317. Let r = 398 - h. What is the remainder when r is divided by (-2 + 0)/((-4)/66)?
31
Suppose 0 = -2*y + 958 + 116. Suppose -2*f - 3*u = -359, 3*f - 4*u + 7*u = y. What is the remainder when f is divided by 18?
16
Let o(c) = c**3 + 9*c**2 + 4*c - 28. Let x be o(-8). Suppose 0 = 12*b - x*b - 32. Suppose 0 = -u + 4*u - 9. Calculate the remainder when b is divided by u.
1
Suppose -4*j - 5*w + 75 = 0, j - 7 = w + 5. Let t(y) be the second derivative of -y**3/6 + 17*y**2/2 + 99*y. What is the remainder when 13 is divided by t(j)?
1
Let l = -53 - -53. Let x be (227 - -1)/3 - (-1 - l). Let s = x + -52. Calculate the remainder when 48 is divided by s.
23
Suppose -9*f = 5*k - 1716, 0 = -25*f + 24*f - 1. What is the remainder when k is divided by 68?
5
Let p(n) be the third derivative of -n**6/120 + n**5/12 - n**4/12 - 9*n**3 - 20*n**2 + n. What is the remainder when p(-6) is divided by 17?
14
Suppose 3*z + 14*k - 12*k = 112, 5*z - 3*k = 231. Calculate the remainder when 362 is divided by z.
26
Let d(w) = 11*w - w**2 + 2*w**2 - 14*w - 6 - 10. Suppose -5*v - 10 = -5*h, 2*v = -5*h + 24 + 14. Calculate the remainder when 5 is divided by d(h).
1
Let h(s) = 13*s**2 - 42*s**2 + 16*s**2 + 15*s**2 + 46 + 24*s. Calculate the remainder when 767 is divided by h(-11).
23
Let v(d) = 29*d**2 + 2*d - 2. What is the remainder when v(-2) is divided by (-93)/124*(2 + 2 + -40)?
2
Let j = -159 + 203. Suppose 7*l + j = 2*a + 2*l, -66 = -4*a - l. Calculate the remainder when 101/3 + (-4)/6 is divided by a.
16
Let n = 150 + 42. Suppose 0 = -3*g - 3*w - n + 573, 0 = -g - 2*w + 124. What is the remainder when g is divided by 19*(-2)/(-6)*3?
16
Let i = -321 - -249. Let s = i + 104. Calculate the remainder when s is divided by 16.
0
Let n = 174 + -111. What is the remainder when 120 is divided by n?
57
Suppose 5*q - 27 = -x, -2*q + 4*x + 17 + 7 = 0. Let h = 123 + 229. What is the remainder when (-1)/3 + h/12 is divided by q?
5
Suppose y - 52 = -6. Suppose -4*g = -13*b + 15*b - y, -4*b + 56 = -4*g. What is the remainder when 52 is divided by b?
1
Let p(j) = 21855*j**2 + 9 - 88 - 41*j - 37 - 21857*j**2. Calculate the remainder when p(-14) is divided by 10.
6
Let a = 2556 - 2021. Calculate the remainder when a is divided by 8.
7
Let u(y) = 3*y**3 - 15*y**2 + 5*y + 13. Let w be u(6). Suppose n = 21 + w. Calculate the remainder when n is divided by 29.
27
Let k(o) = 46*o - 8. Suppose -3*p + 222 = 3*s, -3*p - 2*s = -86 - 130. What is the remainder when k(6) is divided by p?
64
Let c(m) = 7*m**2 + 268*m - 54. Calculate the remainder when c(-39) is divided by 29.
25
Suppose 39*q - 713 - 67 = 0. Suppose 15 = 4*w + 3*j, 5*w + j - 33 = 2*j. Suppose -w*b + 28 = -2*b. Calculate the remainder when q is divided by b.
6
Suppose -3*h - 5160 = 4*m, 3*h + 2*h = 0. Let u be (4/3)/((-20)/m). Suppose w - 59 = -2*w + 4*s, -u = -4*w - 2*s. What is the remainder when w is divided by 8?
5
Suppose 12 = c + 7. Let z = 712 - 659. What is the remainder when z is divided by c?
3
Let n(s) = -158*s + 1321. Suppose -3*o + 0*w - 2*w = -77, 2*o + w = 52. Calculate the remainder when n(7) is divided by o.
26
Suppose 25*u - 2328 - 13387 = 7185. What is the remainder when u is divided by 4?
0
Suppose -3 = u - a, u = -u - 3*a - 31. Let t be (-30 - -2)*4/u. Suppose -2*w = w + 2*s - t, 5*s = 5. What is the remainder when 11 is divided by w?
3
Let z = -658 - -595. Calculate the remainder when z/(-315) + 3678/10 is divided by 9.
8
Let w(c) = c**2 + 14*c - 25. Let v be w(-14). Let i = 7 - v. Suppose 6 = -k + i. What is the remainder when 128 is divided by k?
24
Let f = -75 + 66. Let b(z) = z + 24. Let t be b(f). Suppose 5*r + t = 0, 0 = j - 0*j + 4*r - 5. Calculate the remainder when 63 is divided by j.
12
Let y = 552 - 503. What is the remainder when 1563 is divided by y?
44
Suppose -4*i + 3*f + 618 = -155, 4*i + f = 793. Calculate the remainder when i is divided by 61.
14
Let q = 223 - 220. Suppose -64 = -i + q*r, i - 4*r = 80 - 12. Calculate the remainder when i is divided by 20.
12
Let c(k) = -651*k - 2479. Calculate the remainder 